*s + 3, 6*h + 3*s = 9*h - 15. Suppose -2*i = -6*i + 32. Calculate the highest common factor of h and i.
4
Suppose -4*c - 2 = -62. Let h = 83 + -38. What is the highest common divisor of h and c?
15
Suppose 0 = -5*q - 2*y + 21, -q - y + 13 = -5*y. Let k = 8 - q. Suppose -3*c - 45 = -72. What is the greatest common divisor of c and k?
3
Let z = 0 - -1. Suppose r = 1 + 1. Suppose x - 21 = -r*x. What is the greatest common factor of x and z?
1
Let t be (1*-2)/(30/(-15)). What is the highest common divisor of t and 7?
1
Suppose 0 = 5*k - 0*k - 95. Suppose 5*j - x + 6 - k = 0, -2*j + 14 = 4*x. What is the greatest common divisor of 12 and j?
3
Suppose -5*o + 6 = -4*g - 14, 0 = 5*g - 2*o + 8. Let z be (-2 - -3)/1 + g. Calculate the highest common divisor of z and 1.
1
Let g be 6/(-4) - 4/(-8). Let z be 115/10 - g/2. Let f(t) = 23*t - 6. Let y be f(6). What is the highest common divisor of z and y?
12
Suppose -5*i + 2*i = -2*c - 28, 5*i - 4*c - 48 = 0. Calculate the greatest common divisor of i and 56.
8
Suppose -3*m = -2*m - 2. Suppose -5*z + 750 = -m*z. Suppose 9*t = 4*t + z. What is the highest common divisor of t and 20?
10
Let q(a) = 21*a - 95. Let p be q(5). What is the highest common divisor of 20 and p?
10
Let a = 15 - 5. Let v(z) = 10*z. Let d = 3 + -2. Let s be v(d). Calculate the greatest common factor of a and s.
10
Let w = 282 - 180. Let x be 2/(3/(564/8)). Let z = w - x. What is the highest common factor of 5 and z?
5
Suppose 5*i = -3*u - 32, -4*i - 3*u + 4*u - 29 = 0. Let c = i - -12. Suppose l = -3*g + 17 + c, -5*l = -g + 2. Calculate the greatest common factor of 14 and g.
7
Suppose -s - 2 = -2*s. Suppose 0 = 3*c - 4*v - 0*v - 206, -142 = -s*c - 2*v. Suppose -y + 5*y = 56. What is the greatest common factor of c and y?
14
Suppose -h = -4*l + 23, h + 42 = 5*l + 12. Suppose 2*y + 15 = l*y. What is the greatest common factor of y and 9?
3
Let r = 9 + -1. Let f(v) = 0 - 1 - v + 11 + 9*v**2 - v**3. Let a be f(9). What is the greatest common factor of a and r?
1
Suppose 2*n + 12 = -2*n, 0 = 3*p + 2*n + 333. Let d = p + 186. Calculate the highest common factor of 11 and d.
11
Let s be 3 - 1/((-2)/82). Calculate the highest common factor of 110 and s.
22
Let s(w) = -w**3 + 4*w**2 + 8*w - 7. Let c be s(5). Let q be c/(-12)*-42 + 2. What is the greatest common factor of 300 and q?
30
Suppose t + 1 = -3*v, -2*v = -3*v + 3*t + 3. Suppose s = q + 11, v = -2*s - 3*q - 8 + 30. What is the greatest common divisor of s and 121?
11
Suppose j - 5*j - 30 = -2*i, 2*i = 2*j + 20. Calculate the greatest common factor of 35 and i.
5
Suppose -3*x + 182 = 4*t - 2*x, 4*x - 38 = -t. Calculate the highest common divisor of 276 and t.
46
Suppose 2*l = 26 + 12. Calculate the greatest common factor of 76 and l.
19
Suppose 4 = -4*w + 2*w. Let i = 9 + w. Let o(m) = -7*m. Let z be o(-1). What is the highest common divisor of z and i?
7
Let f(l) = -4*l - 4. Let g be f(-9). Let v be (139/(-3))/(2/(-6)). Suppose 4*s - v = 53. What is the highest common factor of g and s?
16
Suppose 7*f - 4 = 10. What is the greatest common factor of f and 18?
2
Let b(f) = -f + 5. Let a be b(2). Let z = -11 + 17. What is the highest common divisor of a and z?
3
Suppose -3*a = -0*a - 12. Calculate the greatest common divisor of 40 and a.
4
Suppose 5*f + 1 - 16 = 0. Suppose 109 = 3*c - 0*z + 5*z, f*c - z - 97 = 0. Calculate the highest common divisor of c and 3.
3
Let n(b) = 4*b**2 + 2*b + 1. Let f be n(2). Let c = f - 5. Let k = -160 + 224. Calculate the highest common factor of c and k.
16
Suppose 0 = -4*l + 9*l - 35. Let w(x) = 10*x**2 + 4*x - 1. Let s be w(-3). What is the greatest common factor of s and l?
7
Suppose 5*z + 43 - 156 = 3*k, 0 = 4*z + k - 104. Calculate the highest common factor of 50 and z.
25
Let l = -46 - -121. Suppose -6*k + l = -k. Calculate the highest common factor of 165 and k.
15
Suppose -4*t + 48 + 20 = 0. Let q(c) = -2 - 2 + 3 - t*c. Let d be q(-1). What is the greatest common divisor of 2 and d?
2
Suppose 5*p + 0 - 10 = 0. Suppose 3*v = -w - 0*v + 282, p*v = 2*w - 580. Suppose -w = -l - 3*l. Calculate the highest common divisor of l and 9.
9
Let v be (-2)/(-8) + 6461/28. Calculate the greatest common divisor of v and 33.
33
Suppose -106 - 38 = -4*u. What is the highest common factor of u and 90?
18
Suppose 2*y - 87 = -y. Let v = y + -21. What is the highest common divisor of 12 and v?
4
Let y be (-3)/(9/6)*-3. Let f(t) = 4*t - 3*t - y*t. Let v be f(-2). What is the highest common factor of v and 110?
10
Suppose 3*b + 2 = 4*b. Suppose -2*d = 10 - b. Let v be 1/2*(-24)/d. What is the highest common divisor of 3 and v?
3
Suppose 4*n = -4*w + 380, -5*n + 529 = -2*w + 54. Suppose -2*k - 4*p = -5*k + 118, -k - 4*p + 34 = 0. What is the greatest common factor of k and n?
19
Let o = -14 + 107. What is the greatest common divisor of o and 62?
31
Let a(k) be the first derivative of k**4/4 + 5*k**3/3 - k**2 + 2*k + 3. Let h be a(-5). Calculate the greatest common divisor of h and 12.
12
Let i be (0 + (-2)/(-2))/1. Suppose -2*f + 9*q - 4*q = -i, 0 = -4*f + 5*q + 7. Calculate the highest common factor of 21 and f.
3
Let z(a) = 24*a + 19. Let h be z(4). Calculate the greatest common divisor of 23 and h.
23
Suppose -x + 76 + 14 = 0. Calculate the highest common factor of 10 and x.
10
Let k be (-10)/((-2 - -1)*1). Let s be 12/(-4 + 8) - 1. What is the greatest common divisor of k and s?
2
Let r = 3 - -2. Suppose -3*j + r*t - 33 = -7*j, 21 = 3*j + 3*t. Suppose j*l - 26 = -3*c, -4*c - l + 4*l = -29. What is the greatest common factor of c and 2?
2
Let c(a) = a**2 + a - 4. Let o be c(4). Suppose -14 = -3*y + o. What is the greatest common divisor of y and 2?
2
Let i(o) = o**2 + 9*o + 3. Let j be i(-9). Calculate the highest common factor of 3 and j.
3
Let x be 3 + (-4 - (-3 - 1)). What is the highest common divisor of x and 33?
3
Let o(s) = -s**2 - 9*s - 9. Suppose -z - 2*z - 6 = 0. Let g be z + (-2)/(-2) - 6. Let y be o(g). What is the greatest common factor of 15 and y?
5
Let d(p) = -p**2 - 4*p + 1. Let n be d(-4). Suppose l - n = 8. Calculate the greatest common divisor of l and 3.
3
Let k = 58 + -34. Calculate the highest common factor of k and 60.
12
Suppose -5*w + u + 12 + 14 = 0, -4 = 4*u. Suppose w*p - 14 - 46 = 0. Calculate the highest common divisor of 96 and p.
12
Suppose -4*f + y = -16, y = 3*f - f - 10. Suppose -g = f*g - 44. Suppose -3*w = h - 73 - 23, 12 = -4*h. What is the greatest common divisor of g and w?
11
Let j be 30/4 - (-2)/(-4). Let v(z) = 6*z + 4. Let t be v(4). Let u be (-1)/(((-16)/t)/4). What is the greatest common divisor of j and u?
7
Suppose 0 = -5*z + 6 + 39. Let c(u) = u**2 + 3*u + 3. Let v(a) = -a + 1. Let b be v(4). Let f be c(b). Calculate the greatest common divisor of z and f.
3
Suppose -22*r = -28*r + 84. Calculate the greatest common factor of 6 and r.
2
Let q be 34*(39/6 - 3). Let l = -23 + q. What is the highest common factor of l and 12?
12
Let c(s) = s**3 + 7*s**2 + 4*s + 2. Let w be c(-6). Let z = 44 + -30. Calculate the greatest common factor of z and w.
14
Let q(g) = g + 0 - 14*g - 14 - g**2. Let d be q(-10). Calculate the highest common divisor of 8 and d.
8
Let z be 1/(12/(-15) - -1). Suppose -z*l + 21 = 2*y, 49 = 4*y - l - 26. Let v = 5 - 3. What is the highest common factor of y and v?
2
Suppose -5*x = -2*c - 35, 0*x + 3*c = -x - 10. Suppose -2*b + 60 = -4*r, -b + 0*b = x*r + 5. Calculate the highest common divisor of b and 8.
4
Let x(l) = -l - 3. Let a be x(-8). What is the highest common divisor of a and 5?
5
Let a = 32 - 17. Calculate the greatest common divisor of 5 and a.
5
Let j(c) = -c**2 - 20*c + 7. Let h be j(-19). What is the greatest common factor of h and 65?
13
Let f(c) = 7 - 10*c + 9*c - 17*c. Let z be f(-7). Suppose -z = -5*r + 147. What is the greatest common factor of 8 and r?
8
Suppose -5*l = -4*x + 74, 0 = 5*l - x + 68 + 3. Let z be 44/(-6)*(l - 4). What is the greatest common factor of 12 and z?
12
Let y be (-4)/(-8) - 74/4. Let g be (-1256)/y + 4/18. Calculate the highest common factor of 28 and g.
14
Suppose 5*b = -2*c + 304, 174 = 3*b - 4*c + c. Calculate the greatest common factor of b and 20.
20
Let d be (-1)/1 - (-9)/3. Suppose d*x - 253 = 5*b, -4*b + 2*b - 6 = 0. What is the highest common factor o